849
What are the prime factors of 17137727?
139, 887
What are the prime factors of 1942940671?
7, 197, 691, 2039
List the prime factors of 64184125.
5, 513473
What are the prime factors of 63834575?
5, 7, 17, 43, 499
List the prime factors of 168433902.
2, 3, 7, 13, 102829
What are the prime factors of 91487299?
19, 4815121
List the prime factors of 1859756280.
2, 3, 5, 15497969
What are the prime factors of 108413330?
2, 5, 37, 113, 2593
What are the prime factors of 68145844?
2, 13, 397, 3301
What are the prime factors of 22923868?
2, 11, 37, 14081
List the prime factors of 53404725.
3, 5, 11, 19, 3407
What are the prime factors of 211958652?
2, 3, 17, 61, 17033
What are the prime factors of 3200625495?
3, 5, 7902779
List the prime factors of 17605094.
2, 13, 677119
What are the prime factors of 116740216?
2, 14592527
List the prime factors of 51406322.
2, 11, 193, 12107
What are the prime factors of 8553614897?
37, 251, 921031
List the prime factors of 337939311.
3, 17, 281, 23581
What are the prime factors of 43216197?
3, 967, 14897
List the prime factors of 82768750.
2, 5, 17, 19, 41
What are the prime factors of 76592478?
2, 3, 12765413
List the prime factors of 19761288.
2, 3, 71, 11597
List the prime factors of 1367183336.
2, 53, 3224489
What are the prime factors of 164947948?
2, 11, 101, 37117
List the prime factors of 25770769.
25770769
What are the prime factors of 2181712875?
3, 5, 317, 18353
What are the prime factors of 7231548472?
2, 37, 24430907
List the prime factors of 4269109252.
2, 1067277313
List the prime factors of 2377000165.
5, 475400033
What are the prime factors of 454395800?
2, 5, 73, 31123
What are the prime factors of 322959855?
3, 5, 179, 120283
What are the prime factors of 2115314661?
3, 137, 5146751
What are the prime factors of 612493630?
2, 5, 7, 29, 43103
What are the prime factors of 368407526?
2, 47, 3919229
What are the prime factors of 124229481?
3, 71, 583237
What are the prime factors of 190559875?
5, 11, 43, 293
What are the prime factors of 43358812?
2, 7, 41, 179, 211
List the prime factors of 3077289595.
5, 17, 97, 373231
List the prime factors of 1017288583.
349, 2914867
What are the prime factors of 7257418442?
2, 3628709221
List the prime factors of 111918203.
239, 468277
What are the prime factors of 33702731?
83, 491, 827
List the prime factors of 1794152536.
2, 11, 23, 73, 12143
List the prime factors of 55675672.
2, 13, 97, 5519
What are the prime factors of 689356586?
2, 5417, 63629
What are the prime factors of 45909937?
1151, 39887
What are the prime factors of 192551588?
2, 17, 2831641
List the prime factors of 17728661.
37, 479153
List the prime factors of 143149472.
2, 4473421
What are the prime factors of 1866184663?
7, 89, 2995481
List the prime factors of 746204895.
3, 5, 16582331
What are the prime factors of 28384746?
2, 3, 13, 19, 107, 179
List the prime factors of 155236259.
373, 587, 709
What are the prime factors of 23933?
7, 13, 263
List the prime factors of 6326623999.
113, 127, 440849
List the prime factors of 148188094.
2, 5233, 14159
List the prime factors of 633871674.
2, 3, 23, 1531091
What are the prime factors of 293384168?
2, 7, 11, 19, 3581
List the prime factors of 4477461.
3, 43, 61, 569
What are the prime factors of 235531868?
2, 11, 13, 23, 17903
List the prime factors of 144805566.
2, 3, 131, 184231
What are the prime factors of 457545701?
17, 113, 238181
List the prime factors of 102692269.
241, 601, 709
What are the prime factors of 1504346094?
2, 3, 1123, 8269
What are the prime factors of 29342053?
13, 47, 48023
List the prime factors of 915770251.
11, 83251841
What are the prime factors of 113898797?
829, 137393
What are the prime factors of 77777996?
2, 23, 37, 73, 313
List the prime factors of 137197675.
5, 491, 11177
What are the prime factors of 3640529988?
2, 3, 33708611
What are the prime factors of 180660511?
233, 775367
List the prime factors of 771132914.
2, 23, 83, 201973
List the prime factors of 43192339.
19, 29, 43, 1823
What are the prime factors of 2272314?
2, 3, 11, 34429
What are the prime factors of 180430433?
7607, 23719
List the prime factors of 59818077.
3, 11, 604223
List the prime factors of 4752817602.
2, 3, 13, 17, 3584327
What are the prime factors of 465016691?
17, 23, 1189301
List the prime factors of 136367075.
5, 13, 419591
What are the prime factors of 5815994117?
17, 6421, 53281
What are the prime factors of 882408583?
7, 19, 31, 214021
What are the prime factors of 1491658321?
83, 17971787
List the prime factors of 179060236.
2, 1867, 23977
What are the prime factors of 39152482?
2, 167, 117223
List the prime factors of 987383190.
2, 3, 5, 32912773
What are the prime factors of 29311496?
2, 401, 9137
What are the prime factors of 194081247?
3, 21564583
List the prime factors of 651970082.
2, 325985041
What are the prime factors of 382678195?
5, 89, 379, 2269
List the prime factors of 3398898365.
5, 679779673
List the prime factors of 1369234677.
3, 19, 617, 38933
List the prime factors of 62867113.
587, 107099
List the prime factors of 865251258.
2, 3, 1973, 73091
What are the prime factors of 203651247?
3, 67883749
List the prime factors of 159883115.
5, 7, 4568089
What are the prime factors of 605959307?
787, 769961
What are the prime factors of 627257548?
2, 156814387
What are the prime factors of 52103733?
3, 11, 37, 139, 307
List the prime factors of 1210391839.
239, 5064401
What are the prime factors of 165950278?
2, 13, 193, 33071
List the prime factors of 697188400.
2, 5, 1742971
What are the prime factors of 962953218?
2, 3, 83, 214849
What are the prime factors of 54348467?
641, 84787
List the prime factors of 14122932.
2, 3, 1176911
List the prime factors of 1797023602.
2, 11, 179, 456329
What are the prime factors of 334967918?
2, 71, 229, 10301
What are the prime factors of 398068917?
3, 132689639
What are the prime factors of 1183120264?
2, 147890033
What are the prime factors of 9697244?
2, 103, 23537
List the prime factors of 485994065.
5, 19, 5115727
What are the prime factors of 45100587?
3, 7, 227, 9461
List the prime factors of 989141715.
3, 5, 29, 149, 5087
List the prime factors of 190139492.
2, 17, 31, 90199
List the prime factors of 2260992.
2, 3, 23
List the prime factors of 6841901266.
2, 3420950633
What are the prime factors of 511991937?
3, 23, 2473391
What are the prime factors of 50719221?
3, 7, 805067
List the prime factors of 613218952.
2, 76652369
List the prime factors of 57539385.
3, 5, 331, 3863
List the prime factors of 3265607565.
3, 5, 11, 41, 160907
What are the prime factors of 57748690?
2, 5, 907, 6367
List the prime factors of 657204593.
107, 2347, 2617
What are the prime factors of 755206759?
17, 373, 119099
What are the prime factors of 2837268613?
19, 43, 1613, 2153
What are the prime factors of 55342224?
2, 3, 7, 18301
What are the prime factors of 2504730587?
2504730587
What are the prime factors of 174968762?
2, 109, 802609
List the prime factors of 5179221.
3, 43, 1487
List the prime factors of 441474025.
5, 19, 929419
List the prime factors of 2814128166.
2, 3, 37, 251, 50503
List the prime factors of 9254853370.
2, 5, 7, 132212191
List the prime factors of 49315167.
3, 11, 29, 89, 193
List the prime factors of 154093470.
2, 3, 5, 5136449
What are the prime factors of 300621180?
2, 3, 5, 5010353
List the prime factors of 18220789.
18220789
List the prime factors of 55008304.
2, 13, 264463
What are the prime factors of 21953785?
5, 7, 627251
What are the prime factors of 104335571?
1453, 71807
List the prime factors of 354488642.
2, 79, 139, 16141
List the prime factors of 653149855.
5, 130629971
List the prime factors of 658176977.
41, 449, 35753
What are the prime factors of 74179710?
2, 3, 5, 11, 74929
List the prime factors of 52544388.
2, 3, 13, 336823
What are the prime factors of 7044202?
2, 11, 199, 1609
List the prime factors of 130139363.
73, 163, 10937
List the prime factors of 20300852.
2, 11, 13, 35491
What are the prime factors of 63421735?
5, 13, 103, 9473
What are the prime factors of 472308796?
2, 4987, 23677
What are the prime factors of 411390716?
2, 11, 37, 59, 4283
List the prime factors of 878069401.
11, 19, 4201289
What are the prime factors of 